 959 and 875704?
137
Calculate the highest common factor of 109 and 13677865.
109
Calculate the highest common divisor of 1274374 and 822.
274
Calculate the greatest common divisor of 36694 and 70.
14
What is the greatest common divisor of 82080 and 8?
8
Calculate the highest common divisor of 474458 and 244.
122
What is the greatest common factor of 3120 and 51792?
624
Calculate the highest common factor of 571 and 8.
1
What is the greatest common factor of 3794 and 31436?
542
Calculate the highest common divisor of 4343 and 47687.
43
Calculate the highest common divisor of 966 and 10834173.
483
Calculate the highest common factor of 1952 and 7259.
61
What is the highest common factor of 198555 and 366?
183
Calculate the greatest common divisor of 430 and 28850.
10
Calculate the highest common factor of 4750 and 76.
38
What is the greatest common divisor of 1848 and 417912?
264
What is the greatest common factor of 352 and 1014112?
352
Calculate the highest common factor of 3977 and 943.
41
Calculate the highest common divisor of 480 and 170460.
60
What is the highest common factor of 382900 and 700?
700
Calculate the greatest common factor of 35520 and 52320.
480
Calculate the greatest common factor of 142 and 830558.
142
Calculate the greatest common divisor of 130799 and 4031.
139
Calculate the highest common divisor of 348094 and 2.
2
What is the greatest common factor of 64530 and 6210?
270
Calculate the highest common divisor of 486 and 108.
54
What is the greatest common divisor of 366678 and 702?
234
Calculate the greatest common factor of 366 and 753.
3
What is the highest common divisor of 98375 and 10500?
125
What is the highest common factor of 350558 and 556?
278
Calculate the greatest common factor of 5054 and 686.
14
What is the highest common factor of 50639 and 23717?
641
What is the greatest common factor of 2444 and 18894?
94
Calculate the greatest common factor of 102 and 26469.
51
Calculate the greatest common factor of 2652 and 2108.
68
Calculate the highest common divisor of 7176 and 8112.
312
Calculate the highest common divisor of 584 and 280612.
292
Calculate the highest common factor of 304 and 400.
16
Calculate the greatest common factor of 56 and 833.
7
What is the highest common factor of 648 and 116964?
324
Calculate the highest common factor of 61 and 186416.
61
Calculate the greatest common divisor of 250 and 1855250.
250
What is the greatest common factor of 169 and 949?
13
What is the greatest common divisor of 759 and 5322867?
759
Calculate the greatest common divisor of 38 and 1794170.
38
What is the greatest common divisor of 124614 and 3358?
46
What is the highest common divisor of 124 and 2449?
31
What is the greatest common factor of 343011 and 1032?
129
What is the greatest common divisor of 909 and 28078?
101
What is the greatest common factor of 322 and 1023106?
14
Calculate the highest common divisor of 9174 and 1518.
66
What is the greatest common divisor of 704 and 80680?
8
Calculate the highest common factor of 1665198 and 144.
18
What is the greatest common divisor of 158582 and 2775?
37
Calculate the greatest common factor of 40015 and 530.
265
Calculate the highest common divisor of 2205 and 99855.
315
Calculate the highest common divisor of 135385 and 205.
5
Calculate the greatest common divisor of 22606 and 178.
178
Calculate the highest common factor of 4933997 and 73.
73
What is the highest common divisor of 3618689 and 2846?
1423
What is the greatest common factor of 960 and 319520?
160
Calculate the greatest common divisor of 1826010 and 270.
270
Calculate the greatest common divisor of 24 and 45384.
24
What is the highest common divisor of 35088 and 22134?
102
Calculate the greatest common factor of 21918 and 3562.
26
What is the greatest common factor of 13896 and 189140?
772
What is the greatest common divisor of 165 and 914694?
33
Calculate the greatest common factor of 2156652 and 3078.
1026
Calculate the highest common factor of 184835 and 35.
35
Calculate the greatest common divisor of 1068 and 136170.
534
What is the highest common divisor of 86903 and 47?
47
Calculate the highest common divisor of 260 and 66235.
65
What is the highest common divisor of 117932 and 4?
4
Calculate the highest common factor of 165594 and 468.
78
Calculate the greatest common divisor of 1607012 and 44.
44
Calculate the highest common divisor of 318 and 55438.
106
What is the highest common divisor of 30418 and 48578?
454
Calculate the highest common factor of 19908 and 96.
12
What is the highest common divisor of 50 and 804730?
10
What is the greatest common factor of 12950 and 17686?
74
Calculate the highest common divisor of 3107 and 4017.
13
Calculate the highest common divisor of 308448 and 68.
68
Calculate the greatest common divisor of 4792119 and 2388.
597
Calculate the greatest common factor of 145 and 1624.
29
What is the greatest common factor of 3588 and 243156?
276
Calculate the highest common divisor of 52389 and 288.
9
What is the highest common divisor of 6804 and 182?
14
What is the highest common factor of 319 and 766425?
11
What is the greatest common factor of 600 and 279120?
120
Calculate the highest common factor of 13000 and 2873.
13
What is the highest common factor of 2862 and 1809?
27
Calculate the highest common divisor of 391 and 27761.
391
Calculate the greatest common divisor of 185108 and 132.
44
What is the greatest common divisor of 23325 and 1225?
25
Calculate the greatest common divisor of 423 and 140248.
47
What is the greatest common factor of 354 and 454182?
354
Calculate the highest common factor of 12964 and 10444.
28
What is the highest common divisor of 36 and 1719?
9
What is the highest common divisor of 1404 and 237330?
54
Calculate the highest common factor of 808 and 3024.
8
What is the highest common factor of 8442 and 938?
938
Calculate the greatest common divisor of 98 and 933058.
98
Calculate the greatest common factor of 41 and 37.
1
Calculate the greatest common factor of 39242 and 1526.
14
Calculate the highest common divisor of 737 and 34177.
11
What is the highest common divisor of 312503 and 47?
47
What is the highest common factor of 45 and 19935?
45
Calculate the highest common divisor of 334780 and 3420.
380
What is the highest common factor of 2487 and 568694?
829
What is the greatest common factor of 13 and 245102?
13
Calculate the greatest common divisor of 166265 and 55.
55
What is the highest common divisor of 6115 and 235?
5
What is the greatest common factor of 700 and 870?
10
What is the highest common factor of 162793 and 3?
1
Calculate the greatest common factor of 273344 and 448.
64
Calculate the greatest common divisor of 49159 and 902.
451
Calculate the greatest common divisor of 36 and 241047.
9
What is the greatest common divisor of 209240 and 80?
40
What is the highest common divisor of 1037 and 29646?
61
Calculate the highest common divisor of 1746 and 13956.
6
What is the highest common divisor of 131804 and 36524?
1588
What is the greatest common factor of 1163502 and 17982?
666
Calculate the highest common divisor of 356 and 2194829.
89
Calculate the highest common factor of 2125480 and 105.
35
What is the greatest common factor of 38 and 399?
19
What is the highest common factor of 32660768 and 224?
224
Calculate the highest common divisor of 15336 and 87543.
639
Calculate the greatest common divisor of 412110 and 90.
90
What is the highest common divisor of 3510 and 1040?
130
Calculate the greatest common factor of 121 and 27379.
11
Calculate the greatest common divisor of 210564 and 12.
12
Calculate the highest common factor of 89 and 58829.
89
What is the highest common divisor of 16640 and 150800?
1040
What is the greatest common factor of 3358 and 92?
46
Calculate the greatest common divisor of 7279 and 2523.
29
Calculate the highest common factor of 486 and 13446.
162
What is the highest common factor of 9516 and 63024?
156
What is the greatest common divisor of 24388 and 2275?
91
What is the greatest common divisor of 32457 and 1745?
349
Calculate the highest common divisor of 49 and 224665.
49
What is the highest common divisor of 1421 and 81403?
203
Calculate the highest common divisor of 16 and 81878.
2
Wha